3*f = -0*u + 3*u. List the prime factors of d(u).
2, 7
Let r(f) = -f**2 - 63*f - 128. Let s be r(-37). Let z = s - 379. List the prime factors of z.
5, 7, 13
Suppose 0 = -30*y - 0 + 60. Suppose -573 = -g - y*u, 4*u = 2*g + 7*u - 1143. List the prime factors of g.
3, 7
Suppose -257*w + 2185345 = 101846. List the prime factors of w.
11, 67
Let i be (610/25 - -16)/(2/5). Let v be (-2 - -3 - 1)/2. Suppose v = -2*y - 2*m + 93 + i, 2*y - 170 = 4*m. What are the prime factors of y?
3, 31
Let a(w) = w**3 - 8*w**2 + 2*w + 2. Let j be a(4). Let m(d) = d**3 - 11*d**2 - 3*d + 21. Let r be m(10). Let f = j - r. List the prime factors of f.
5, 11
Let w(t) = 45*t**3 + 9*t**2 + 75*t - 434. What are the prime factors of w(7)?
7, 2281
Let x(u) = u**2 - u - 2. Let s be x(3). Suppose 0 = h - 3*r + r + 4, s*r = -5*h + 8. List the prime factors of 2 + 33/1 + h.
5, 7
Suppose 29*o = -15*o + 52*o - 25672. List the prime factors of o.
3209
Let s(n) be the first derivative of n**4/4 + 7*n**3 + 12*n**2 - 29*n - 23. What are the prime factors of s(-19)?
3, 79
Let m(o) = 2 + 21 + 9*o + 53. What are the prime factors of m(36)?
2, 5
Suppose 75*x - 24389 + 22494 = 203905. What are the prime factors of x?
2, 7
Suppose 0*f = -2*c + 2*f + 8, 0 = c + 4*f - 4. Let w = -14 - c. List the prime factors of 1466/12 + (2 - (-39)/w).
2, 61
Let a(b) = 1050*b + 3814. What are the prime factors of a(54)?
2, 79, 383
Let r(f) be the first derivative of 7*f**2/2 + 34*f + 4. Suppose 3*z + 3 = -h + 18, -h + z + 3 = 0. List the prime factors of r(h).
2, 19
Let w(j) = -j**3 - 16*j**2 - 5*j - 8. Let z be w(-20). Suppose 0 = -2*p - 7*p + z. List the prime factors of p.
2, 47
Let g = 85311 + -39601. List the prime factors of 2/9 - (g/(-45) - 3).
1019
Let l(y) = -y**2 + 1. Let z be l(-1). Suppose -10*o + 5*o + 45 = z. List the prime factors of (51/o)/(5/75).
5, 17
Let p(d) = -d**3 - 3*d**2 + 13. Let v be p(-3). Suppose 4*w - 1 + v = 0. List the prime factors of -1*w/(-3) - -13.
2, 3
Let a(f) be the second derivative of -11/3*f**3 - 6*f - 1/12*f**4 + 0 - 6*f**2. List the prime factors of a(-9).
3, 5, 7
Suppose -3*y + 64*c + 34564 = 62*c, 3*y - 34562 = c. List the prime factors of y.
2, 3, 5
Suppose 14*z + 30173 = 106991. List the prime factors of z.
3, 31, 59
Let s(q) = 106*q**2 - 186*q + 1674. List the prime factors of s(9).
2, 3, 53
Let s(l) = 12*l - 2. Let p be ((-16)/5)/(4/(-10)). Suppose 0 = 8*k - p - 8. List the prime factors of s(k).
2, 11
Suppose -183240 = 113*a - 137*a. List the prime factors of a.
3, 5, 509
Let t = -150 - -154. Suppose -8*q + 2692 = -5*q - o, t*q - o = 3589. List the prime factors of q.
3, 13, 23
List the prime factors of 20110/4*306/255.
3, 2011
Let c = 99 + 14. Let z be c - (2 - (-1 + 4)). Suppose 5*f - z - 341 = 0. What are the prime factors of f?
7, 13
Suppose 3*b + 120 = 5*v, -4*v + b = 6*b - 59. Let i = 130 + -126. Suppose 0 = -5*l + 4*w + 198, 9 = -i*w + v. What are the prime factors of l?
2, 3, 7
Let c = 16364 + -10434. What are the prime factors of c?
2, 5, 593
Suppose 5*h = -5 + 25. Suppose -o = -5*s + 147 + 198, 0 = -h*o - 20. Suppose 0 = -j - 12 + s. What are the prime factors of j?
2, 7
Let c = 22567 + -10196. List the prime factors of c.
89, 139
Let b = -17966 + 34099. What are the prime factors of b?
13, 17, 73
Let b = -69066 - -99036. What are the prime factors of b?
2, 3, 5, 37
Suppose -5090 = 10*w - 20*w. Suppose 6*y - 451 = w. List the prime factors of y.
2, 5
Suppose -5*c = 5*x - 1766 - 1384, 2*c = 2. Suppose -356 - x = -g. What are the prime factors of g?
5, 197
Let o = -5702 - -12367. List the prime factors of o.
5, 31, 43
Let x(j) be the third derivative of -65*j**4/24 + 221*j**3/6 + 28*j**2 - 1. What are the prime factors of x(-7)?
2, 13
Let i = 10 + -6. Let o be 3272 + (i/1 - 1). List the prime factors of 2/(-3) - -1 - o/(-75).
2, 11
Suppose 5*h - 699 = -c, 4*c - 3*h + 967 = 3809. Suppose -c*s - 4236 = -711*s. What are the prime factors of s?
2, 3, 353
What are the prime factors of 9 + 37865 + 10/4 + (-66)/(-44)?
2, 3, 59, 107
Let h = -8183 + 14175. What are the prime factors of h?
2, 7, 107
Suppose b + 923 - 40303 = 0. Suppose 30*y = -14*y + b. List the prime factors of y.
5, 179
Suppose 20045*k - 19994*k = 3360135. List the prime factors of k.
5, 13177
Let w be (-5448)/(-9) - 0 - (-10)/(-30). Let g be 2/8 + (-14)/(-8). Suppose -w = -j - 4*j - 2*a, g*a = 2*j - 242. What are the prime factors of j?
11
Suppose -594638 = -16*m - 7*m - 92525. List the prime factors of m.
3, 19, 383
Let f = -36 + 36. Let s be 0 + 0 - f/(-5). Suppose -3*d + 292 - 109 = s. What are the prime factors of d?
61
Let o(j) be the third derivative of j**5/60 + 3*j**4/8 - 19*j**3/6 - j**2. Suppose 3*s + 18 = 2*s - 4*y, -4*s + 3*y - 53 = 0. List the prime factors of o(s).
3, 17
Let s be 10/5*6*3/(-4). Let o = 7 + s. List the prime factors of ((-122)/(-3))/(7/((-21)/o)).
61
Let g(n) = -n**3 - 4*n**2 + 9*n + 4. Let w be g(0). Suppose w*z - c = 5511, -2*c - 240 = -z + 1129. What are the prime factors of z?
7, 197
Suppose -56*b - 40*b + 133*b - 1672770 = 0. List the prime factors of b.
2, 3, 5, 11, 137
Let o(d) = -17*d**3 + 3*d**2 + 14*d + 2. Suppose 0 = -5*b + 36 - 51. List the prime factors of o(b).
2, 223
Suppose 6 = -2*t, -4*t + 4 - 7 = b. List the prime factors of (3/b)/(5/11490).
2, 383
Let b(o) = o**3 - 33*o**2 - 90*o + 565. List the prime factors of b(49).
181, 191
Suppose -v + 10 = 2*i, 3*v = v. Suppose 0 = -w - 2*j - 7, i*j + 18 + 7 = 0. Suppose w*t = -5*l + 172, -t + 4*l + 20 = -60. List the prime factors of t.
2
Let c = 32 - 1. Let o = c - 32. Let v(r) = -5*r + 1. What are the prime factors of v(o)?
2, 3
Suppose -5*p + 13 = 2*m + 5, 4*p + m - 7 = 0. Suppose -27 = -p*t - 19. List the prime factors of ((-260)/(-10))/((1/t)/1).
2, 13
Let o(x) be the first derivative of 36*x**2 - 122*x + 62. What are the prime factors of o(5)?
2, 7, 17
Let j be 33 - 5/(5/(-1)). Suppose 70 = -4*s + j. What are the prime factors of s/6 + 4390/20?
2, 109
Let l = 136 - 236. Let b = 191 + l. Suppose 4*h - 205 = b. What are the prime factors of h?
2, 37
Let y(s) = s**3 + 12*s**2 + 4*s + 52. Let i be y(-12). Suppose 34*w - 35*w = -388. Suppose 3*c = 2*u + 622, 3*c - w = c - i*u. List the prime factors of c.
2, 3, 17
Let d be (3/(-5))/(592/2090 + 27/(-99)). Let z = 58 + -137. Let r = d - z. What are the prime factors of r?
2, 11
Let f be -5 - (-930)/190 - (-794)/(-38). What are the prime factors of (-76)/(-133) + (-2865)/f?
137
Let d be (13 - 7)*((-32)/(-12))/(-4). What are the prime factors of -3 - (-191 + -5) - d/2?
3, 5, 13
Let s(b) be the first derivative of 26*b**2 + b - 54. List the prime factors of s(2).
3, 5, 7
Suppose 899 = 13*c - 154. List the prime factors of 3032/9 + 9/c.
337
Let o = 40363 - -23227. What are the prime factors of o?
2, 5, 6359
Suppose 0 = 5*l + 5*t - 27375, -12*l = -13*l - 3*t + 5471. List the prime factors of l.
5477
Let b(v) = 658*v**2 + 122*v - 480. List the prime factors of b(4).
2, 3, 439
Let z = 2918 - -4976. What are the prime factors of z?
2, 3947
Let d(y) = -y**3 + 3*y + 3. Let w be d(0). Let r be (109 - 0) + (4 - 7). Suppose w*b + 28 - r = 0. What are the prime factors of b?
2, 13
Let u = 130 - 119. Suppose -171 = -u*h + 181. What are the prime factors of h?
2
Suppose 3*t + 13 = o, 5*t - 19*o + 35 = -14*o. List the prime factors of t - (1468/(-4) + 0).
2, 7, 13
Suppose 761182 = -19*s + 2223555. List the prime factors of s.
11, 6997
Let v(q) = q**3 - 2*q**2 + 2*q - 3. Let o be v(3). Suppose -10*t + o*t = 268. Suppose -22*k + t = -20*k. What are the prime factors of k?
67
Let f(z) = 3*z**2 + 2*z - 14. Let o be f(4). Let r = -46 + o. List the prime factors of (99/(-15))/(r/40).
2, 3, 11
Let j(k) = k**3 + 17*k**2 + 15*k - 9. Let n be (0 - 4)*28/7. Let p be j(n). Let z(l) = 3*l**2 + 3*l + 19. What are the prime factors of z(p)?
11, 17
Let z = -9874 - -31583. What are the prime factors of z?
17, 1277
Let m(a) = -a**3 + 15*a**2 - 15*a + 17. Let c be m(14). Let p(n) = 10 - c*n - 8*n - n + n**2. What are the prime factors of p(13)?
23
Let n be (14 - 29)/((-5)/((-10)/(-3))). Suppose -n*p + 1394 = -3686. What are the prime factors of p?
2, 127
Let z = 75651 + -8892. List the prime factors of z.
3, 7, 11, 17
Suppose 4*g - 5*s - 9207 = 0, -5*g + g + 4*s + 9212 = 0. Suppose 